092028499 prime?
True
Is 290225809 a composite number?
False
Is 1737382622 composite?
True
Is 42698666483 prime?
False
Is 82173688969 composite?
True
Is 18979778801 composite?
False
Is 32489383 a composite number?
False
Is 413473981 a composite number?
False
Is 3733780097 a composite number?
False
Is 165148243399 a prime number?
False
Is 2364464257 a prime number?
False
Is 69637718831 a composite number?
True
Is 18169838373 composite?
True
Is 62651981311 composite?
True
Is 351672661 a composite number?
False
Is 187651412569 prime?
True
Is 4689554659 prime?
True
Is 951684413 composite?
False
Is 4924910279 composite?
False
Is 597047579 prime?
True
Is 5410359917 a composite number?
False
Is 2674760071 composite?
False
Is 5050678273 prime?
True
Is 154277561 composite?
False
Is 151841717 prime?
True
Is 929616397 a prime number?
True
Is 6574079873 a composite number?
False
Is 1414285049 composite?
True
Is 20902480549 prime?
True
Is 2466218213 prime?
False
Is 135615967 prime?
True
Is 172399250557 a prime number?
False
Is 1780974841 prime?
True
Is 6421140073 a composite number?
False
Is 53184637777 a composite number?
True
Is 3383368643 prime?
False
Is 17419011353 prime?
True
Is 10502572127 composite?
True
Is 762252167 prime?
True
Is 1270943917 a prime number?
False
Is 1484454659 prime?
True
Is 12780290357 a composite number?
False
Is 126091073 prime?
True
Is 81293627 composite?
False
Is 323930917 prime?
False
Is 21367393 prime?
True
Is 3959581691 composite?
True
Is 5665326377 a prime number?
True
Is 2061345431 a prime number?
False
Is 26172104867 a prime number?
False
Is 447022141 a prime number?
True
Is 4398849577 composite?
False
Is 2910723427 a prime number?
False
Is 2255539903 prime?
False
Is 1703565547 prime?
True
Is 16480319717 composite?
True
Is 4074267493 a composite number?
True
Is 2506228717 prime?
True
Is 1786235513 prime?
False
Is 6858593897 composite?
False
Is 50977686103 composite?
False
Is 21391216699 a prime number?
True
Is 5637281759 a composite number?
False
Is 2470451303 composite?
False
Is 408079669 a composite number?
False
Is 39056775521 a composite number?
True
Is 7684748737 a composite number?
True
Is 4617831479 a prime number?
True
Is 36369955147 composite?
False
Is 196566919 prime?
True
Is 50071844841 a prime number?
False
Is 137323097477 a composite number?
True
Is 92712355669 composite?
False
Is 13986647263 a prime number?
False
Is 6558074339 prime?
True
Is 33642482051 a prime number?
True
Is 8246806681 prime?
True
Is 9425682953 prime?
True
Is 30803399 prime?
False
Is 15543984385 prime?
False
Is 421076767 composite?
True
Is 5460808889 a composite number?
True
Is 8763360337 a composite number?
True
Is 13705615727 a prime number?
True
Is 1915157863 composite?
False
Is 2448651341 prime?
False
Is 60159704509 a composite number?
True
Is 35109372923 a composite number?
True
Is 2904669587 a composite number?
False
Is 52314605351 prime?
False
Is 525007037 prime?
False
Is 1399867969 a composite number?
True
Is 964440811 prime?
True
Is 723910039 composite?
False
Is 4748370197 prime?
True
Is 52123644163 a composite number?
False
Is 17359602287 composite?
True
Is 5348646503 a composite number?
False
Is 5562283957 a composite number?
False
Is 14658712949 a prime number?
False
Is 120400224863 prime?
False
Is 2862532999 prime?
False
Is 10717346417 a composite number?
False
Is 14036059 composite?
False
Is 13729443241 prime?
False
Is 4781763797 composite?
False
Is 3727901699 a composite number?
False
Is 34820237971 prime?
False
Is 295580923 a prime number?
False
Is 346058887 prime?
False
Is 40471233931 a prime number?
True
Is 737545911 a prime number?
False
Is 109312067219 a composite number?
False
Is 46005602723 composite?
True
Is 1898684893 prime?
False
Is 947592743 prime?
True
Is 14078868329 a composite number?
True
Is 2930149837 prime?
False
Is 2987616421 composite?
True
Is 250203404483 a prime number?
True
Is 76705753979 composite?
False
Is 1768483927 composite?
True
Is 347945509 composite?
True
Is 688270793 prime?
False
Is 543634123 composite?
True
Is 733939027 a prime number?
False
Is 218028403 prime?
True
Is 7544931106 a prime number?
False
Is 18471597559 composite?
True
Is 6429415049 a prime number?
False
Is 20947346743 a composite number?
True
Is 8026439699 composite?
False
Is 84457426093 a prime number?
False
Is 248174203 a prime number?
True
Is 797771423 a prime number?
False
Is 82151679569 a prime number?
True
Is 3559771703 a composite number?
False
Is 2994879763 a prime number?
True
Is 73317980009 prime?
True
Is 84459704753 prime?
False
Is 48343091 a prime number?
True
Is 648289561 prime?
True
Is 285851411 a prime number?
True
Is 37359083299 a composite number?
False
Is 587139677 a prime number?
True
Is 5055224773 a prime number?
False
Is 80373807637 prime?
True
Is 1420807889 a prime number?
True
Is 16415121311 a composite number?
False
Is 1756484291 composite?
True
Is 2156960227 composite?
True
Is 8634605339 composite?
False
Is 6182188347 prime?
False
Is 8357412737 a prime number?
True
Is 120411097 a composite number?
False
Is 29509831027 a prime number?
True
Is 8512237241 composite?
True
Is 45937741 composite?
False
Is 23019401 a prime number?
False
Is 949162427 composite?
False
Is 551297479 prime?
True
Is 1070630443 a composite number?
False
Is 37086423058 a composite number?
True
Is 1100292371 a prime number?
True
Is 598781059 prime?
True
Is 1721219147 a prime number?
True
Is 43181532989 a composite number?
True
Is 468344413 a composite number?
False
Is 3510846997 a prime number?
False
Is 121643261 a prime number?
False
Is 704395711 composite?
False
Is 405573137 composite?
False
Is 4266217227 composite?
True
Is 72881314747 composite?
False
Is 320448221 a prime number?
False
Is 118435527541 composite?
False
Is 4373628307 composite?
False
Is 43725181163 a prime number?
False
Is 647143603 prime?
True
Is 20767830403 a prime number?
False
Is 95531149 a composite number?
True
Is 1339359311 composite?
False
Is 1940838437 a composite number?
False
Is 29563561219 prime?
False
Is 3096700559 composite?
False
Is 163947500173 a composite number?
False
Is 1468758359 a composite number?
True
Is 60341468321 composite?
True
Is 18846595745 a prime number?
False
Is 231731551 prime?
True
Is 3810244247 a composite number?
False
Is 20236425897 a prime number?
False
Is 2089887557 a composite number?
True
Is 121983906713 composite?
False
Is 10719576197 composite?
True
Is 708050807 prime?
True
Is 4487912049 prime?
False
Is 112631093083 composite?
False
Is 9237050509 a prime number?
True
Is 9126193546 a prime number?
False
Is 8961733639 a composite number?
True
Is 235834127 prime?
False
Is 37257709 a prime number?
False
Is 1571826173 a composite number?
False
Is 66035719 a prime number?
False
Is 15946135897 prime?
True
Is 39452182157 prime?
False
Is 2302875119 prime?
False
Is 26952253817 prime?
False
Is 1178229421 a prime number?
False
Is 4088127297 prime?
False
Is 81708406561 a composite number?
False
Is 3347416601 prime?
True
Is 171165394937 a composite number?
False
Is 36916649083 a prime number?
True
Is 15157113337 composite?
False
Is 110998771753 prime?
True
Is 8952351301 composite?
True
Is 3502873 a composite number?
True
Is 708445927 a prime number?
False
Is 20204290663 composite?
False
Is 44440675121 composite?
False
Is 49488514931 a prime number?
True
Is 346294103 a composite number?
True
Is 4620179699 prime?
True
Is 1975191679 composite?
False
Is 406622027 composite?
True
Is 5334991457 composite?
False
Is 13352900933 a composite number?
True
Is 15161633951 composite?
True
Is 1466306341 a prime number?
True
Is 3923351737 a prime number?
True
Is 2596841057 a prime number?
True
Is 694026511 a composite number?
True
Is 7903803871 composite?
True
Is 882397541 a composite number?
False
Is 1932725953 a prime number?
False
Is 281010421 a composite number?
False
Is 22320408349 a composite number?
True
Is 1596412067 prime?
False
Is 40215127793 a prime number?
True
Is 47547089131 prime?
False
Is 458069147 prime?
True
Is 4590442399 a prime number?
True
Is 1966237655 prime?
False
Is 1545183183 prime?
False
Is 667470319 composite?
True
Is 1008727033 a composite number?
True
Is 18316861483 composite?
True
Is 58442047519 a prime number?
False
Is 15